*j - 37. Determine b(-35).
33
Let o(y) = 2*y**3 - 24*y + 11. Give o(0).
11
Let a(u) = u**3 - 35*u**2 - 29*u - 276. What is a(36)?
-24
Let u(m) = 12*m - 575. What is u(42)?
-71
Let r(c) = -12*c**3 + 7*c**2 + 13*c + 5. Determine r(-1).
11
Let r(x) = x**3 - 2*x**2 - 22*x + 26. Determine r(5).
-9
Let o(w) = -w**3 + 3*w**2 + 20*w + 61. Give o(7).
5
Let y(w) = 17*w**2 + 34*w + 10. What is y(-4)?
146
Let d(i) = -i**3 - 83*i**2 - 903*i + 497. Calculate d(-70).
7
Let r(p) = -p**3 + 48*p**2 + 7*p + 279. What is r(48)?
615
Let j(v) = -v**2 - 41*v - 194. Calculate j(-5).
-14
Let q(s) = s**3 - 61*s**2 - 271*s + 718. Determine q(65).
3
Let v(i) = -i**3 + 14*i**2 - 31*i + 30. Calculate v(12).
-54
Let w(g) = 1072*g + 11801. Give w(-11).
9
Let x(f) = -13*f + 132. Give x(40).
-388
Let g(z) = 7*z + 49. Give g(0).
49
Let k(j) = -19*j**2 + 289*j - 89. Calculate k(15).
-29
Let v(z) = z**3 - 160*z**2 - 169*z + 1296. What is v(161)?
8
Let p(h) = -h**2 - 52*h - 121. Give p(-52).
-121
Let b(a) = 120*a**2 - 617*a + 98. Determine b(5).
13
Let p(r) = 18334*r - 91678. What is p(5)?
-8
Let u(g) = -g**3 + 20*g**2 - 51*g - 100. Calculate u(18).
-370
Let x(b) = -41*b - 386. Give x(-10).
24
Let z(x) = -x**3 - 14*x**2 - 24*x - 56. What is z(-14)?
280
Let r(l) = -1961*l + 7. Calculate r(0).
7
Let g(n) = -28*n - 18. Determine g(-10).
262
Let a(d) = 89*d - 78. Calculate a(0).
-78
Let t(m) = 39*m + 1657. Calculate t(-42).
19
Let v(i) = -4*i + 20. Determine v(-15).
80
Let v(h) = 4019*h + 92440. Give v(-23).
3
Let z(s) = 121*s**3 - 2*s**2 + 2*s + 3. Give z(-1).
-122
Let n(f) = 28*f**2 - 2672*f - 1528. Give n(96).
8
Let v(r) = -3*r**2 + 75*r + 404. Give v(35).
-646
Let l(z) = -31*z**2 - 17*z - 39. Determine l(-2).
-129
Let c(g) = 2*g**2 - 200*g - 3138. What is c(114)?
54
Let d(r) = r - 58. Determine d(17).
-41
Let o(g) = -g**3 + 12*g**2 + 9*g + 8. Determine o(13).
-44
Let n(k) = 8*k**3 + 3*k**2 - 4*k - 15. What is n(-3)?
-192
Let j(g) = 191*g - 186. What is j(1)?
5
Let l(x) = 144*x - 7603. Determine l(53).
29
Let o(u) = 3*u**2 - 17*u - 320. Calculate o(-10).
150
Let c(n) = -463*n + 26394. Calculate c(57).
3
Let d(c) = 7*c**3 - 53*c**2 - 52*c + 215. Give d(8).
-9
Let b(p) = -51*p + 271. Determine b(5).
16
Let p(k) = 3*k + 8. Give p(6).
26
Let k(q) = -144*q + 562. Determine k(6).
-302
Let v(q) = -22*q - 165. What is v(-4)?
-77
Let j(x) = -x**2 - 134*x - 2631. Calculate j(-24).
9
Let w(q) = -10*q**2 - 493*q - 1950. Determine w(-4).
-138
Let u(g) = -9*g + 298. Calculate u(37).
-35
Let f(j) = -31*j - 390. What is f(-11)?
-49
Let o(a) = 92*a + 2409. Calculate o(-26).
17
Let n(v) = v**3 - 127*v**2 - v. Give n(0).
0
Let h(n) = -248*n - 12636. What is h(-51)?
12
Let g(o) = 3*o**3 + 3*o**2 + 3. What is g(-5)?
-297
Let v(t) = -t**2 - 12*t + 22. Calculate v(-15).
-23
Let y(f) = 338*f + 62502. What is y(-185)?
-28
Let t(d) = -355*d - 3149. Determine t(-9).
46
Let k(n) = n**2 + 3*n + 37. Give k(-3).
37
Let h(t) = -t - 134. Give h(-27).
-107
Let r(o) = -2*o**3 + 59*o**2 + 39*o - 267. Determine r(30).
3
Let n(c) = -12*c**2 - 1487*c + 109. What is n(-124)?
-15
Let v(x) = 11*x - 136. What is v(11)?
-15
Let m(n) = 146*n - 2764. What is m(19)?
10
Let c(y) = 3*y**3 + 62*y**2 - 16*y - 44. Give c(-21).
-149
Let u(n) = n**3 + 20*n**2 + 110*n + 25. Calculate u(-8).
-87
Let m(d) = -d**3 + 4*d**2 + 26*d - 368. Give m(-7).
-11
Let h(r) = -28*r - 1416. What is h(-49)?
-44
Let h(b) = -15*b**3 + 60*b**2 + 8*b - 11. Give h(4).
21
Let m(v) = v**3 + 59*v**2 + 865*v - 93. Calculate m(-31).
0
Let m(q) = -9*q**3 + 14*q**2 - 32*q - 86. Calculate m(-3).
379
Let p(d) = d**2 + 20*d - 38. Give p(6).
118
Let h(v) = -3*v**3 - 57*v**2 - 139*v + 84. What is h(-16)?
4
Let y(u) = 3*u - 105. Determine y(20).
-45
Let o(t) = -t**3 - 46*t**2 - 9*t - 334. Give o(-46).
80
Let l(w) = 89*w**2 + 695*w - 7. Give l(-7).
-511
Let c(s) = -87*s + 57. Give c(3).
-204
Let h(n) = n**2 - 181*n - 4424. Calculate h(-22).
42
Let b(k) = k**3 + 56*k**2 + 54*k - 41. What is b(-55)?
14
Let l(z) = -20*z - 92. Give l(3).
-152
Let d(x) = -x**2 - 101*x + 4599. What is d(34)?
9
Let u(n) = -3*n**3 + 289*n**2 - 379*n - 102. Determine u(95).
-7
Let f(x) = -103*x - 710. Give f(-7).
11
Let p(l) = -3*l**2 + 508*l + 2977. Calculate p(175).
2
Let z(k) = -352*k + 92582. Calculate z(263).
6
Let l(p) = 47*p - 688. Determine l(39).
1145
Let h(d) = d**3 - 9*d**2 - 44*d - 47. Calculate h(13).
57
Let q(v) = v**3 + 20*v**2 + 56*v - 109. What is q(-16)?
19
Let r(w) = 6*w**2 - 398*w + 96. Give r(66).
-36
Let f(y) = -2*y**3 + 124*y**2 + 258*y - 128. Give f(64).
0
Let z(h) = 30*h**2 - 79*h + 13. Determine z(3).
46
Let z(k) = k - 19. Determine z(-2).
-21
Let u(y) = y**2 - 49*y - 498. Give u(57).
-42
Let w(s) = -s**3 + 6*s**2 - 219*s + 1065. Determine w(5).
-5
Let w(a) = -27*a + 885. What is w(27)?
156
Let k(y) = -9*y**2 - 88*y + 543. Give k(-14).
11
Let z(h) = -2*h**2 - 67*h + 422. Determine z(-39).
-7
Let v(o) = -o**3 + 16*o**2 - 29*o + 315. Calculate v(18).
-855
Let f(c) = -c**2 - 1777*c + 19675. What is f(11)?
7
Let n(a) = 562*a - 1. What is n(0)?
-1
Let c(g) = 6*g**2 + 24*g + 53. What is c(-7)?
179
Let s(v) = 7*v**2 - 37*v - 31. Determine s(-1).
13
Let t(n) = 54*n**2 + 10*n + 9. What is t(-1)?
53
Let w(h) = 261*h - 3612. Calculate w(13).
-219
Let h(v) = v**3 - 5*v**2 - 38*v + 209. Determine h(6).
17
Let i(z) = 2111*z + 40081. Give i(-19).
-28
Let z(w) = -6*w**3 + 65*w**2 + 170*w - 1753. Determine z(11).
-4
Let m(p) = p**3 - 8*p**2 - 480*p - 205. Calculate m(-18).
11
Let r(a) = -a**3 - 25*a**2 + 176*a - 302. What is r(-31)?
8
Let y(k) = k**3 - 5*k**2 - 13*k - 5. What is y(8)?
83
Let m(b) = 2*b**3 - 5*b**2 - 1782*b + 3570. Calculate m(2).
2
Let d(n) = -n**3 + 18*n**2 + 50*n - 59. Calculate d(20).
141
Let k(w) = -87*w**2 - 5*w + 19. Give k(2).
-339
Let m(s) = -s**2 + 46*s - 407. Determine m(16).
73
Let p(y) = -y**2 + 35*y - 92. Determine p(32).
4
Let m(h) = -h**2 - 399*h + 7458. Determine m(18).
-48
Let v(s) = -9*s**2 + 356*s - 199. Calculate v(39).
-4
Let z(g) = 27*g - 1015. Determine z(65).
740
Let s(n) = -53*n**2 + 371*n - 2. Calculate s(7).
-2
Let d(v) = 49*v + 1507. Determine d(-31).
-12
Let z(d) = d**3 - 7*d**2 + 12*d + 6. Determine z(4).
6
Let t(k) = 2*k**3 - 2*k**2 - 42*k + 78. Determine t(2).
2
Let p(u) = -5*u**2 + 229*u - 808. Give p(42).
-10
Let i(d) = -d**3 - 11*d**2 - 23*d + 21. Determine i(-9).
66
Let b(t) = -t**3 - 7*t**2 - 11*t + 18. Give b(1).
-1
Let p(m) = -35*m - 3058. Determine p(-88).
22
Let c(r) = r**3 - 50*r**2 + 14*r - 465. Determine c(50).
235
Let r(c) = c**3 - 43*c**2 + 106*c + 569. Determine r(40).
9
Let b(d) = 3*d**3 - 37*d**2 + 77*d - 21. Calculate b(10).
49
Let b(g) = 12*g + 104. What is b(-30)?
-256
Let r(w) = 86*w - 4778. Determine r(56).
38
Let v(c) = 214*c - 2364. Give v(11).
-10
Let q(v) = 6*v**2 + 321*v - 151. Determine q(-54).
11
Let w(h) = 3*h**3 - 167*h**2 - 228*h - 119. What is w(57)?
-119
Let l(x) = 16*x + 136. Give l(-11).
-40
Let a(j) = 10*j**2 + 11*j - 579. Calculate a(-8).
-27
Let v(w) = -14*w - 82. Calculate v(1).
-96
Let s(f) = -2*f**3 + 32*f**2 - 71. What is s(16)?
-71
Let f(r) = -12*r**2 - 785*r - 340. Give f(-65).
-15
Let d(v) = 2535*v - 15203. Determine d(6).
7
Let d(u) = 2628*u - 36788. Determine d(14).
4
Let p(d) = -24*d - 410. Calculate p(-23).
142
Let d(s) = -s**2 - 7*s + 437. What is d(-35)?
-543
Let t(j) = -135*j**2 + 2159*j + 21. Give t(16).
5
Let w(i) = -i**3 + 24*i**2 + 194*i - 4976. Give w(23).
15
Let y(t) = -t**3 + 79*t**2 + 8*t - 629. Calculate y(79).
3
Let z(v) = 14*v**3 - 167*v**2 - 19*v - 29. What is z(12)?
-113
Let l(p) = -p**3 - 37*p**2 - 2*p - 57. Calculate l(-37).
17
Let w(b) = 1048*b + 53436. Give w(-51).
-12
Let h(i) = -3*i**2 - 40*i - 5. Give h(-10).
95
Let k(x) = -3*x**2 - 30*x - 19. Give k(0).
-19
Let l(a) = -20*a + 98. What is l(7)?
-42
Let f(u) = -u**2 - 3*u + 93. What is f(-11)?
5
Let d(x) = -1987*x - 51658. Determine d(-26).
4
Let p(q) = -2475*q - 2469. What is p(-1)?
6
Let w(i) = 4*i**3 - i**2 + 111*i + 223. What is w(-2)?
-35
Let h(g) = -237*g + 15804. Calculate h(66).
162
Let g(s) = -116*s + 28705. What is g(247)?
53
Let i(c) = 9*c**2 + 45*c - 27. Give i(-6).
27
Let h(u) = 2*u**3 + 166*u**2 + 168*u + 216. Calculate h(-82).
-112
Let o(g) = -g**3 + 74*g**2 - 280*g + 124. Calculate o(70).
124
Let v(